-106 (base 7) to base 15.
-3a
3100 (base 4) to base 7
415
-220 (base 10) to base 11
-190
Convert -1 (base 4) to base 10.
-1
What is -61 (base 11) in base 15?
-47
What is 11 (base 3) in base 9?
4
What is -5 (base 12) in base 5?
-10
What is -133 (base 8) in base 6?
-231
Convert -1112 (base 3) to base 16.
-29
Convert 21 (base 6) to base 7.
16
Convert 22 (base 11) to base 4.
120
Convert 112 (base 6) to base 13.
35
What is 2 (base 16) in base 5?
2
What is 32 (base 12) in base 10?
38
What is -101 (base 2) in base 6?
-5
What is 1 (base 6) in base 12?
1
111 (base 2) to base 16
7
Convert 23 (base 7) to base 5.
32
Convert -a6 (base 12) to base 5.
-1001
What is 1 (base 16) in base 5?
1
-12 (base 12) to base 14
-10
0 (base 12) to base 6
0
-233 (base 4) to base 16
-2f
What is -a (base 16) in base 15?
-a
Convert -155 (base 7) to base 12.
-75
What is 1111110 (base 2) in base 15?
86
1 (base 16) to base 10
1
Convert 2 (base 5) to base 13.
2
-67 (base 9) to base 13
-49
What is 6 (base 16) in base 3?
20
-1 (base 2) to base 13
-1
Convert 7 (base 12) to base 5.
12
-32 (base 7) to base 6
-35
117 (base 8) to base 7
142
Convert 2300 (base 4) to base 13.
107
Convert -101 (base 5) to base 12.
-22
213 (base 8) to base 5
1024
Convert 24 (base 6) to base 4.
100
-6 (base 12) to base 13
-6
What is -3 (base 11) in base 8?
-3
What is -1 (base 13) in base 9?
-1
What is 111 (base 6) in base 16?
2b
Convert 11 (base 3) to base 13.
4
Convert -4 (base 7) to base 10.
-4
Convert -1a (base 15) to base 8.
-31
What is -2c (base 14) in base 12?
-34
-1a5 (base 11) to base 9
-282
Convert -20 (base 12) to base 4.
-120
What is -10 (base 7) in base 11?
-7
-28 (base 11) to base 9
-33
Convert -83 (base 12) to base 13.
-78
What is -12 (base 6) in base 7?
-11
Convert 111 (base 4) to base 13.
18
Convert -3 (base 13) to base 8.
-3
0 (base 12) to base 14
0
2 (base 11) to base 14
2
Convert -100 (base 2) to base 7.
-4
31 (base 9) to base 2
11100
-1000 (base 2) to base 8
-10
What is -2 (base 5) in base 6?
-2
-2 (base 9) to base 4
-2
-1 (base 9) to base 8
-1
-103 (base 5) to base 7
-40
Convert -4 (base 9) to base 15.
-4
Convert -3 (base 10) to base 8.
-3
What is 1110 (base 2) in base 16?
e
-12 (base 11) to base 13
-10
What is b (base 12) in base 4?
23
What is -124 (base 9) in base 4?
-1213
What is -32 (base 10) in base 6?
-52
3 (base 11) to base 4
3
Convert -2 (base 7) to base 3.
-2
6a (base 14) to base 3
10111
What is -26 (base 14) in base 16?
-22
-5 (base 15) to base 7
-5
Convert 1c (base 13) to base 8.
31
Convert 32 (base 12) to base 6.
102
What is -5 (base 7) in base 8?
-5
29 (base 11) to base 12
27
What is -8 (base 10) in base 2?
-1000
What is 120 (base 3) in base 10?
15
What is 12 (base 15) in base 2?
10001
What is 15 (base 9) in base 10?
14
4 (base 16) to base 4
10
366 (base 7) to base 14
dd
Convert d (base 15) to base 12.
11
-7 (base 10) to base 11
-7
101 (base 3) to base 5
20
What is 13 (base 7) in base 3?
101
Convert 1 (base 4) to base 2.
1
Convert 27 (base 10) to base 5.
102
Convert 61 (base 16) to base 3.
10121
5a (base 12) to base 16
46
-1 (base 4) to base 15
-1
-103 (base 5) to base 8
-34
Convert 2 (base 16) to base 7.
2
-b (base 14) to base 10
-11
23 (base 11) to base 10
25
0 (base 10) to base 8
0
What is -10 (base 4) in base 11?
-4
What is -1000 (base 2) in base 5?
-13
Convert -3 (base 6) to base 10.
-3
-5 (base 11) to base 7
-5
What is a8 (base 15) in base 5?
1113
What is 100 (base 4) in base 3?
121
What is -200 (base 4) in base 5?
-112
What is -15 (base 9) in base 15?
-e
-2 (base 5) to base 6
-2
7 (base 15) to base 16
7
What is 11110100 (base 2) in base 8?
364
Convert -117 (base 15) to base 3.
-100011
What is 8 (base 14) in base 2?
1000
What is 2 (base 16) in base 8?
2
-32 (base 4) to base 12
-12
Convert -4 (base 16) to base 5.
-4
Convert -25 (base 11) to base 5.
-102
What is -a (base 14) in base 6?
-14
What is -13 (base 12) in base 15?
-10
-103 (base 5) to base 14
-20
Convert 17 (base 10) to base 2.
10001
What is 2 (base 12) in base 8?
2
Convert 25 (base 7) to base 10.
19
What is 10 (base 11) in base 10?
11
What is 10c (base 16) in base 9?
327
Convert -20 (base 5) to base 11.
-a
Convert -43 (base 7) to base 2.
-11111
What is -12 (base 14) in base 16?
-10
-340 (base 5) to base 10
-95
What is 208 (base 11) in base 6?
1054
What is 0 (base 9) in base 11?
0
21022 (base 3) to base 15
d2
What is 323 (base 5) in base 2?
1011000
4 (base 16) to base 6
4
What is 1 (base 8) in base 15?
1
144 (base 10) to base 11
121
8 (base 14) to base 12
8
-333 (base 4) to base 2
-111111
Convert -133 (base 14) to base 13.
-157
-12a (base 12) to base 16
-b2
-132 (base 7) to base 8
-110
What is -77 (base 16) in base 10?
-119
What is 1012 (base 5) in base 9?
156
Convert 5 (base 10) to base 14.
5
Convert 1 (base 13) to base 12.
1
Convert 0 (base 13) to base 11.
0
Convert 22 (base 3) to base 10.
8
Convert 321 (base 5) to base 6.
222
0 (base 3) to base 4
0
Convert -3 (base 6) to base 12.
-3
-43 (base 7) to base 5
-111
Convert 14 (base 12) to base 9.
17
Convert 10033 (base 4) to base 15.
131
123 (base 9) to base 5
402
Convert 12 (base 13) to base 8.
17
-202 (base 3) to base 5
-40
What is 10 (base 2) in base 6?
2
Convert -4e (base 15) to base 7.
-134
Convert -220 (base 5) to base 7.
-114
Convert -122 (base 7) to base 8.
-101
100111 (base 2) to base 4
213
Convert -1 (base 3) to base 5.
-1
1000001 (base 2) to base 16
41
Convert 1 (base 11) to base 9.
1
3 (base 16) to base 13
3
What is 20 (base 7) in base 2?
1110
What is 28 (base 11) in base 12?
26
Convert -110 (base 2) to base 11.
-6
What is -11 (base 15) in base 9?
-17
Convert -24 (base 7) to base 2.
-10010
Convert 63 (base 9) to base 3.
2010
What is 0 (base 12) in base 6?
0
4 (base 14) to base 4
10
What is 2022 (base 4) in base 15?
93
What is -2b (base 12) in base 10?
-35
Convert 115 (base 6) to base 10.
47
Convert 0 (base 11) to base 15.
0
Convert -8 (base 15) to base 3.
-22
What is -2 (base 3) in base 16?
-2
Convert -1 (base 14) to base 9.
-1
-aa (base 11) to base 9
-143
Convert 6 (base 11) to base 4.
12
What is -20 (base 4) in base 6?
-12
What is -1b (base 12) in base 11?
-21
What is -5 (base 15) in base 11?
-5
Convert -101 (base 3) to base 4.
-22
Convert -9 (base 14) to base 12.
-9
What is -21 (base 3) in base 5?
-12
Convert -3 (base 5) to base 8.
-3
103 (base 8) to base 13
52
Convert 2 (base 16) to base 12.
2
What is 23 (base 5) in base 15?
d
Convert 0 (base 3) to base 8.
0
What is 105 (base 8) in base 11?
63
-1 (base 4) to base 16
-1
Convert 3 (base 5) to base 3.
10
0 (base 11) to base 16
0
Convert -244 (base 7) to base 12.
-aa
148 (base 12) to base 6
532
Convert -244 (base 10) to base 4.
-3310
What is 1 (base 9) in base 2?
1
What is d (base 16) in base 14?
d
What is 66 (base 13) in base 8?
124
What is 420 (base 5) in base 8?
156
Convert 9 (base 12) to base 14.
9
What is -5 (base 15) in base 8?
-5
What is -65 (base 9) in base 5?
-214
7 (base 8) to base 12
7
7 (base 11) to base 16
7
-10 (base 4) to base 2
-100
What is -1 (base 9) in base 2?
-1
30 (base 6) to base 15
13
What is 1 (base 11) in base 10?
1
What is 103 (base 6) in base 2?
100111
Convert 1 (base 14) to base 7.
1
Convert -1 (base 13) to base 5.
-1
0 (base 12) to base 2
0
14 (base 13) to base 10
17
-d (base 16) to base 15
-d
What is -120 (base 9) in base 5?
-344
-15 (base 8) to base 16
-d
What is 434 (base 7) in base 14?
11b
-100 (base 3) to base 8
-11
Convert -132 (base 9) to base 14.
-7c
What is 0 (base 6) in base 15?
0
-343 (base 8) to base 11
-197
Convert 23 (base 10) to base 15.
18
Convert 10 (base 15) to base 7.
21
Convert -307 (base 9) to base 7.
-505
What is 138 (base 16) in base 5?
2222
102 (base 4) to base 7
24
-102 (base 5) to base 15
-1c
Convert 1 (base 4) to base 2.
1
116 (base 12) to base 2
10100010
What is 53 (base 7) in base 8?
46
Convert a5 (base 14) to base 15.
9a
Convert 0 (base 3) to base 9.
0
Convert 2 (base 10) to base 8.
2
What is -2 (base 14) in base 13?
-2
What is 150 (base 10) in base 7?
303
Convert -21 (base 4) to base 15.
-9
What is 22 (base 5) in base 11?
11
Convert -13 (base 4) to base 9.
-7
Convert -1 (base 11) to base 16.
-1
What is -3 (base 4) in base 3?
-10
8 (base 11) to base 12
8
-3 (base 11) to base 5
-3
Convert -1 (base 13) to base 8.
-1
Convert 100 (base 2) to ba